{"version":"1.0","provider_name":"Gestion Laprise | Immobilier","provider_url":"https:\/\/gestionlaprise.com\/immobilier","author_name":"Julie Tremblay","author_url":"https:\/\/gestionlaprise.com\/immobilier\/author\/julie\/","title":"28 Payette #7 - Gestion Laprise | Immobilier","type":"rich","width":600,"height":338,"html":"<blockquote class=\"wp-embedded-content\" data-secret=\"BLqLHGgZ8T\"><a href=\"https:\/\/gestionlaprise.com\/immobilier\/propriete\/28-rue-payette-forestville-g0t1e0\/28-payette-7\/\">28 Payette #7<\/a><\/blockquote><iframe sandbox=\"allow-scripts\" security=\"restricted\" src=\"https:\/\/gestionlaprise.com\/immobilier\/propriete\/28-rue-payette-forestville-g0t1e0\/28-payette-7\/embed\/#?secret=BLqLHGgZ8T\" width=\"600\" height=\"338\" title=\"\u00ab\u00a028 Payette #7\u00a0\u00bb &#8212; Gestion Laprise | Immobilier\" data-secret=\"BLqLHGgZ8T\" frameborder=\"0\" marginwidth=\"0\" marginheight=\"0\" scrolling=\"no\" class=\"wp-embedded-content\"><\/iframe><script type=\"text\/javascript\">\n\/* <![CDATA[ *\/\n\/*! This file is auto-generated *\/\n!function(d,l){\"use strict\";l.querySelector&&d.addEventListener&&\"undefined\"!=typeof URL&&(d.wp=d.wp||{},d.wp.receiveEmbedMessage||(d.wp.receiveEmbedMessage=function(e){var t=e.data;if((t||t.secret||t.message||t.value)&&!\/[^a-zA-Z0-9]\/.test(t.secret)){for(var s,r,n,a=l.querySelectorAll('iframe[data-secret=\"'+t.secret+'\"]'),o=l.querySelectorAll('blockquote[data-secret=\"'+t.secret+'\"]'),c=new RegExp(\"^https?:$\",\"i\"),i=0;i<o.length;i++)o[i].style.display=\"none\";for(i=0;i<a.length;i++)s=a[i],e.source===s.contentWindow&&(s.removeAttribute(\"style\"),\"height\"===t.message?(1e3<(r=parseInt(t.value,10))?r=1e3:~~r<200&&(r=200),s.height=r):\"link\"===t.message&&(r=new URL(s.getAttribute(\"src\")),n=new URL(t.value),c.test(n.protocol))&&n.host===r.host&&l.activeElement===s&&(d.top.location.href=t.value))}},d.addEventListener(\"message\",d.wp.receiveEmbedMessage,!1),l.addEventListener(\"DOMContentLoaded\",function(){for(var e,t,s=l.querySelectorAll(\"iframe.wp-embedded-content\"),r=0;r<s.length;r++)(t=(e=s[r]).getAttribute(\"data-secret\"))||(t=Math.random().toString(36).substring(2,12),e.src+=\"#?secret=\"+t,e.setAttribute(\"data-secret\",t)),e.contentWindow.postMessage({message:\"ready\",secret:t},\"*\")},!1)))}(window,document);\n\/\/# sourceURL=https:\/\/gestionlaprise.com\/immobilier\/wp-includes\/js\/wp-embed.min.js\n\/* ]]> *\/\n<\/script>\n","thumbnail_url":"https:\/\/gestionlaprise.com\/immobilier\/wp-content\/uploads\/2021\/10\/4.jpg","thumbnail_width":2000,"thumbnail_height":1500,"description":"Logement&nbsp;2\u00bd situ\u00e9 au demi sous-sol, avec une chambre \u00e0 coucher. Meubl\u00e9, chauff\u00e9 et \u00e9clair\u00e9, laveuse et s\u00e9cheuse dans l&#8217;appartement. Situ\u00e9 au demi sous-sol. Location moyen ou long terme. Id\u00e9al pour travailleur ou \u00e9tudiant. Disponible \u00e0 partir du 1er janvier. Ce logement est enti\u00e8rement meubl\u00e9 et \u00e9quip\u00e9 (vaisselle, literie), chauff\u00e9 et \u00e9clair\u00e9. L\u2019Internet sans fil est [&hellip;]"}

Logement&nbsp;2½ situé au demi sous-sol, avec une chambre à coucher. Meublé, chauffé et éclairé, laveuse et sécheuse dans l&#8217;appartement. Situé au demi sous-sol. Location moyen ou long terme. Idéal pour travailleur ou étudiant. Disponible à partir du 1er janvier. Ce logement est entièrement meublé et équipé (vaisselle, literie), chauffé et éclairé. L’Internet sans fil est [&hellip;]
